se p = 5*m - 12. What is the greatest common factor of j and m?
2
Let s(z) = -6*z + 282. Let b be -3 + (43 - 4 - -4). Let t be s(b). What is the highest common factor of t and 147?
21
Let j be (-2 + 1 + -17)*(-19)/3. Let z = j + 222. Calculate the greatest common divisor of 21 and z.
21
Suppose 2*t = -27*x + 22*x + 12071, 4*x - 20 = 0. What is the highest common factor of 38 and t?
19
Let h(t) = 234*t**2 - 12*t + 22. Let a be h(1). Calculate the greatest common divisor of a and 6039.
61
Let h be 596/(-6854) + (-11412)/(-46). What is the greatest common factor of h and 186?
62
Let a(b) = 4*b**2 - 12*b + 12. Let r be 1*6 + (-15)/((-105)/(-14)). Let k be a(r). What is the greatest common divisor of 308 and k?
28
Suppose 5726*z = 5654*z + 160560. Calculate the greatest common divisor of z and 2899.
223
Let p(a) = -16*a**2 - 459*a + 4. Let g be p(-20). Calculate the highest common divisor of g and 960.
96
Let p(a) = -2*a**3 - 2*a**2 + 25*a - 38. Let c be p(-12). Calculate the highest common divisor of 10 and c.
10
Let f(c) = -266*c + 42. Let v be ((0 - -1)/((-27)/(-27)))/(-1). Let k be f(v). Calculate the greatest common divisor of k and 84.
28
Suppose 7*t = 2*q + 54571, 0 = t - 3*t + q + 15590. What is the greatest common divisor of t and 69?
69
Let j(b) = 12*b**2 + 37*b**3 - 8 - 14*b**3 - 17*b**3 - 5*b**3 - 19*b. Let l be j(-13). Calculate the highest common divisor of 28 and l.
14
Suppose 465 = -z + 3*a + 2894, 4*z + 2*a - 9786 = 0. Calculate the greatest common factor of 470 and z.
94
Suppose 3*v - 6 = 0, 0 = -2*j - 3*j + v + 698. Suppose 0 = 95*k - 255 - 1645. Calculate the greatest common factor of k and j.
20
Let d be 2/(-3)*(-36750)/196. What is the highest common divisor of 6925 and d?
25
Let f(t) = t**2 - 18*t + 14. Let z = -141 + 162. Let q be f(z). Calculate the highest common divisor of q and 22.
11
Let l = 15766 + -7171. Calculate the greatest common factor of 90 and l.
45
Let q(v) = 2*v**2 + 3*v. Let g be q(0). Let i(p) = p**2 + 0 - 13*p + 36 + g. Let t be i(18). Calculate the greatest common factor of t and 84.
42
Suppose -228 = -5*u + 2*k + 230, 3*k = 4*u - 372. Let p = -135 - -142. Suppose 47 = p*d - 23. Calculate the highest common divisor of d and u.
10
Let c(m) = m**3 - 106*m**2 - 219*m + 364. Let q be c(108). What is the highest common factor of 1672 and q?
8
Suppose 2*b - 2 = 0, b + 229 = 7*m - 2*m. Let t(s) = -103*s - 250. Let j be t(-6). What is the greatest common factor of m and j?
46
Let x be -12*2/(-16)*(7 + 1). Suppose -5*w + 8 = -x. Suppose -32 = 2*i - w*i. Calculate the highest common divisor of i and 64.
16
Suppose -3523 = -5*b + 2*r, -96*b = -93*b - r - 2113. Calculate the highest common divisor of 133 and b.
19
Suppose f + 130 = 4*n, -5*n = 3*f + 11 - 165. Calculate the highest common divisor of n and 5072.
16
Let k = -36 + 41. Let x(c) = 5 + 3 + k*c - c - 8*c + c**2. Let g be x(8). What is the highest common divisor of g and 5?
5
Let x = 1211 - 1086. Let p = 24 - 21. Suppose -201 = -p*a - a + b, 0 = -a - b + 49. What is the highest common factor of x and a?
25
Let v(u) = 3*u**2 + u - 2. Let d be v(2). Let m = -203138 + 203774. What is the greatest common divisor of d and m?
12
Suppose 11 = t + 2*o, 13*t - 11*t = 3*o + 15. What is the highest common factor of t and 963?
9
Let x = -238 + 243. Suppose -807 = k - 6*k + 3*c, -5*k = x*c - 815. Let z = 1 + 5. Calculate the highest common factor of z and k.
6
Let l = -64 - -66. Suppose -5*i + 27 = l*h - 0*i, 0 = 3*i + 9. Calculate the highest common factor of 42 and h.
21
Suppose 0 = 3*y - 2*f - 412, 0 = y + y + 4*f - 296. Let s = y + -124. Suppose -2*a - 3*p + 0*p = -167, 0 = p + 3. What is the highest common divisor of s and a?
8
Let c = -782 - -746. Let n be (-391)/(-2) + c/72. Calculate the greatest common factor of 15 and n.
15
Let r(j) = 2*j**2 - 7 + 7*j - 9*j + 2*j. Let q be r(-3). Let x(u) = 98*u + 1. Let g be x(1). What is the highest common factor of q and g?
11
Let h(v) = -v**3 + 7*v**2 + 6*v - 6. Let y(o) = 3*o + 42. Let b be y(-12). Let u = 1 + b. Let d be h(u). What is the greatest common divisor of d and 24?
12
Let t be (-3)/(-3*(-6)/36). Let z(k) = k + 14. Let h be z(t). Suppose 5*p - 255 = 185. Calculate the greatest common factor of h and p.
8
Suppose 755 = 81*p - 784. Let x be 2/((-2)/1) - -20. Calculate the highest common factor of x and p.
19
Suppose 4*k - 16 + 2 = -5*m, -k = 4*m - 20. Let h be (((-2178)/(-15))/6)/(m/30). What is the greatest common divisor of h and 11?
11
Suppose 2*n = 5*n - 204. Let k be 40/(-60)*(-90)/8*(-204)/(-15). Calculate the highest common factor of n and k.
34
Suppose 0 = -3*q + 8*q + 5. Let p be 0/q - (-4 - -1). Suppose -a = 2*f - 0*f - 120, 180 = p*f - 4*a. Calculate the highest common divisor of 24 and f.
12
Let p = 9 + -5. Let d(b) = -2*b**3 - 3*b**2 + 3*b + 16. Suppose -91 + 91 = -21*k. Let x be d(k). Calculate the highest common factor of p and x.
4
Let x = 2948 - 2850. Calculate the highest common factor of x and 882.
98
Suppose -3*z - 713 = -4*p, 231 = 2*z - 3*z + 3*p. Let y = z + 269. Calculate the greatest common factor of 208 and y.
26
Let q(j) = -5*j**2 - 12*j + 152. Let f be q(8). Let a = f - -306. Calculate the highest common factor of a and 224.
14
Suppose -63*h + 57*h + 42 = 0. Suppose 5*z - h*z + 2 = 0. Let r = -12 + 30. Calculate the highest common factor of r and z.
1
Suppose 0 = 321*r - 312*r - 729. Calculate the highest common factor of 2043 and r.
9
Suppose -4*q = 1069 + 551. Let h = q + 412. What is the highest common divisor of 1 and h?
1
Let r(a) = -76*a + 46. Let h be r(6). Let z = 414 + h. What is the highest common factor of 20 and z?
4
Let w = 427 + -426. What is the greatest common divisor of w and 1777?
1
Let s(i) = -3*i + 16. Let k be s(3). Suppose -24 = k*h - 31. Calculate the highest common divisor of h and 19.
1
Suppose 5*i + 1136 = 3*a + 172, 4*a + 4*i - 1360 = 0. Calculate the greatest common factor of 72 and a.
9
Let q(p) = -8*p - 25. Let t = -58 - -54. Let c be q(t). Calculate the greatest common factor of 2 and c.
1
Let r = -420 - -423. Suppose r*p - 121 = -1. Let f be 161 - (1 - 2)*-1. What is the highest common factor of p and f?
40
Suppose -11*u = -1372 + 41. Suppose 22*g - 33*g = -u. Calculate the greatest common divisor of g and 176.
11
Let w = 306 - 299. Let y(p) = 2*p**3 - 5*p**2 - 35*p - 1. Let f be y(w). Calculate the greatest common factor of 15 and f.
15
Suppose -2*y - 2*y + x + 17 = 0, x = -4*y + 7. Suppose -y*p + 2*s + 77 = 0, -3*p + p + 58 = -3*s. Calculate the greatest common factor of p and 2.
1
Let c(l) = -l**3 + 6*l**2 + 9*l - 10. Let a be c(7). Suppose -1 = -n + a. Suppose 267*o - 260*o = 315. What is the highest common factor of n and o?
5
Suppose 1122 = 96*m + 6*m. Calculate the highest common divisor of m and 4246.
11
Let p(y) = y - 18. Let j be p(4). Let c = 10 + j. Let t be (-1 - -4) + (-2 - -10)/c. Calculate the greatest common factor of 8 and t.
1
Suppose 228811 = 330*s + 1001*s - 155848. Suppose g - 8 = 26. Calculate the highest common factor of g and s.
17
Let x(f) = f**3 - 17*f**2 + 47*f + 15. Let j be x(14). What is the greatest common divisor of 355 and j?
5
Let g = -300 - -301. Suppose -20 = 5*k - 255. Calculate the greatest common factor of k and g.
1
Let r = 18 + -9. Let i(j) = j**2 - 23*j + 139. Let u = -151 + 164. Let l be i(u). Calculate the highest common factor of l and r.
9
Suppose -68*k + 15*k = -30051. Suppose 36*x - 45 = k. What is the highest common divisor of x and 1?
1
Let u be (-51 - -12516)*(-1 - 14/(-10)). What is the highest common factor of 36 and u?
18
Let b = -90 - -102. Suppose 2*l = -3*x + 9 + 24, 0 = 2*l - x - 37. What is the greatest common factor of b and l?
6
Let r(o) = -3*o + 1. Let f = -7 + 4. Let n be r(f). Let d = 7113 - 7083. What is the highest common divisor of d and n?
10
Let p(m) = -m**3 + 6*m**2 - 4*m + 3. Let r be p(2). Suppose -29 = -8*l + r. Suppose 39 - 119 = -l*w. Calculate the greatest common divisor of 24 and w.
8
Let u(h) = 385 + 5*h + 382 - 758. Let b be u(3). What is the greatest common factor of b and 12?
12
Let m = -15466 + 15698. Calculate the highest common factor of m and 2610.
58
Let k(w) = w**2 - w - 17. Let o be k(-5). Suppose 23*v - 540 = o*v. What is the highest common divisor of 81 and v?
27